) = -m**3 + 4*m**2 + 7*m - 10. Let q be y(5). Suppose q = 4*h + 2*p - 3*p - 212, -212 = -4*h - p. What is the units digit of h?
3
Let s be 5*(-3 + 17/5). Suppose 3*a = -3*p + 12, -4*p + 18 = s*a + 6. Suppose 3*q = 2*c - 6*c + 3, -5*q + p*c + 5 = 0. What is the units digit of q?
1
What is the units digit of 7499/3 + -6 - (-14)/(-21)?
3
Let p(n) = -6*n + 247. Let i be p(0). Let a = 346 - i. What is the tens digit of a?
9
Suppose 3*j = i + 1139, -4*j = -4*i + 8*i - 1524. What is the hundreds digit of j?
3
Suppose a - 5*a - 16 = b, 2 = b - 2*a. Let n = 101 + b. What is the tens digit of n?
9
Let l = 202 + -244. Let o be (249/(-12))/(1/(-4)). Let p = o + l. What is the units digit of p?
1
Suppose 6590 = 13*c - 3*c. What is the hundreds digit of c?
6
Let s = 1357 + -341. What is the units digit of s?
6
Suppose 9*x = -6*x + 17640. What is the thousands digit of x?
1
Let q(w) = 30*w**2 + 4*w - 1. What is the units digit of q(-3)?
7
Let o be 1*3 + 7/7. Suppose -b - o = l - 11, 3*b - 23 = -5*l. What is the units digit of b/14 + (-1815)/(-77)?
4
Let u be ((2 - -4)/(-3))/(-1). Suppose -3*b = -j + 13 + 37, u*j - 109 = 3*b. What is the tens digit of j?
5
Let s(f) = -49*f + 5. Let r be s(2). Let v = r - -157. Suppose 5*w + 2*g = 74, 0*g - 4*g = 4*w - v. What is the tens digit of w?
1
What is the tens digit of (-3 + 0 - (3 + -13)) + 1238?
4
Let p(k) = 241*k**2 - 3*k + 1. Let h be p(1). Suppose -5*b + h = 24. What is the tens digit of b?
4
What is the thousands digit of ((-408)/30)/((-34)/7735)?
3
Let y(b) = -259*b + 10. What is the tens digit of y(-2)?
2
Suppose 1578 = 2*i - 5*u - 260, 3*i - 5*u - 2762 = 0. What is the units digit of i?
4
Let j(o) = 2*o**2 + 9*o + 16. Suppose 3*g - 5*g = 10. What is the units digit of j(g)?
1
Let l be -31*(-80)/(1 - 6). Let k = -267 - l. What is the tens digit of k?
2
Let u = 22 + -20. What is the units digit of u/(-5) - 854/(-35)?
4
Let u = -805 - -1588. What is the hundreds digit of u?
7
Let c(w) = -56*w + 36. What is the units digit of c(-21)?
2
Suppose -8 = -2*k - 3*x, x - 16 = k - 5*k. Let j(t) = 22*t - 9. What is the units digit of j(k)?
9
Let g = -2190 - -3785. What is the thousands digit of g?
1
Let x be (-6)/(-2) + 6 + -7. Suppose -t + 5*d = -20, -2*t + x + 10 = -3*d. Suppose -4*y + 9 + 51 = t. What is the units digit of y?
5
Let i(t) = t - 9 + 2*t + 4*t**2 - t. What is the tens digit of i(4)?
6
Suppose 3 = -3*g - 0. What is the tens digit of (0 + (g - 7))*-7?
5
Let f = 3829 + -2079. What is the units digit of f?
0
Suppose -4*v + 16 = 2*s, 5*s = -5*v + 2*v - 2. Suppose -57 = -v*h + 357. What is the tens digit of h?
6
Let f(c) = c**3 - 5*c**2 + 11*c - 86. Let j be f(6). Let l = -2 - -6. Suppose -4*k - 5*o = -j, k - o - l = -3*o. What is the units digit of k?
4
Let p(k) = 3*k**2 - k - 2. Let g(x) = -7*x**2 + 2*x + 4. Let d(r) = -4*g(r) - 9*p(r). Let n be d(-4). Suppose -3*h + n + 37 = 0. What is the units digit of h?
7
Suppose 5*s - 5*l = -2*l - 19, -5*s = -2*l + 16. What is the units digit of 129/2 - 5/s?
7
Suppose -20 = 3*n + 7. Let s(d) = d**3 + 12*d**2 + 23*d + 10. What is the tens digit of s(n)?
4
Let b be 6/(-14) - (1 + 270/(-42)). Let o = 24 - b. What is the tens digit of o?
1
Let x(v) be the first derivative of -v**4/4 - 4*v**3/3 + 9*v**2/2 - 11*v - 39. What is the hundreds digit of x(-8)?
1
Let h be -1 + ((-746)/(-5) - (-5)/(-25)). Let k = h + -38. What is the tens digit of k?
1
Let t(f) = f**3 + 12*f**2 + 12. Let n be t(-12). Let w be 38/n - (-11)/(-66). Let c = w + 5. What is the units digit of c?
8
Suppose g - 3*b = -0*b + 1106, 0 = -3*g - 2*b + 3263. What is the tens digit of g?
9
Let p be (-1)/(4/12)*(0 + -1). What is the units digit of 5/p + -1 + 867/9?
7
Let m(g) = -3*g + 4*g + 2 + g + 11*g. Let x be ((-4)/(-6))/(2/6). What is the tens digit of m(x)?
2
Suppose 3*r - 4575 = -2*v, -6862 = 8*v - 11*v - 5*r. What is the units digit of v?
9
Let n(m) = 5*m**2 + 2*m - 14. Let s be (9 + -10)/((-2)/8). What is the tens digit of n(s)?
7
Let w = -14 - -17. Suppose -3*q - w = -2*q - 5*d, 0 = -2*q + 5*d - 1. What is the tens digit of 189/9 - (-1 - q)?
2
Let d(s) = s**2 - 5*s. Let c be d(6). Let v(a) = 2*a**2 - 10. Let n be v(c). What is the units digit of n + 2 - (3 + 0)?
1
Let a(h) = -h**3 - 6*h**2 - 8*h - 5. What is the tens digit of a(-7)?
0
Let f = 3 - -1. Suppose 3*r - f = 4*y, -r + 6 = -3*y + 2*r. Suppose 4 = t - 2*c, 0*c = y*t + 3*c - 1. What is the units digit of t?
2
Let r(u) = -11*u - 24. Let b(x) = 7*x + 16. Let y(f) = 8*b(f) + 5*r(f). Let n be y(-9). What is the tens digit of (-41)/(-2) + n/(-2)?
2
Suppose 2*z = 6*z - 56. Let u = 46 + z. Suppose 6*t + 3*g = 5*t + 24, 0 = -3*t - 5*g + u. What is the tens digit of t?
1
Suppose -5*p - 4850 = -f, 390*p - 393*p = 0. What is the thousands digit of f?
4
Let p(y) = -y**3 + y**2 - 1. Let h be p(0). What is the units digit of (h - 0)/((-6)/474)?
9
Suppose l + 5*a - 8 = 5, -26 = -2*l - 3*a. What is the units digit of (2/(-4))/(l/(-1742))?
7
Let o(h) = -53*h**3 + 5*h + 5. What is the units digit of o(-2)?
9
Suppose 4*l - 5*s + 13 = 0, -5*s = -2*l - s - 14. Suppose -5*y + 4*m = 8*m - 11, -5*m = l*y - 4. Suppose -17 + 74 = y*t. What is the units digit of t?
9
Let t(d) = 450*d + 3. What is the hundreds digit of t(4)?
8
Let s be 4 + ((-2)/(-2) - 0). Let i(u) = -u**3 + 12*u**2 - 11*u. Let t be i(11). Suppose t = 2*q - 5*q + s*w + 79, 0 = 4*w + 20. What is the units digit of q?
8
Let r(s) be the second derivative of s**3/6 - 13*s**2/2 - 9*s. Let t be r(18). Suppose -3*k = k + t*p - 179, -4*k = p - 167. What is the tens digit of k?
4
Let g be 0 - (2 - -4) - 0. Let m(u) = -u**3 - 4*u**2 + 3*u + 12. What is the tens digit of m(g)?
6
Let k(o) = o + 5. Let q(r) = r - 7. Let j be q(0). Let v be k(j). What is the units digit of (-3)/v*(-50)/(-15)?
5
Suppose 14*r - 30912 = -0*r. What is the units digit of r?
8
Let q be 4 + -4 - (-1944 + -1). Let o be (-9)/(-21) + q/35. Suppose i - 27 = -2*v, -o = -2*v - 2*v - 4*i. What is the units digit of v?
3
Suppose -4*l + 22 - 5 = h, 5*l = -4*h + 24. Suppose -1 = -l*c + 7. What is the units digit of (-1 - -10) + c/(-1)?
7
Suppose 73*o - 74*o = -477. What is the hundreds digit of o?
4
Let b(o) be the first derivative of -o**4/4 - 3*o**3 + o + 1. Let w be b(-9). Suppose 0 = 5*r - 2*z - 10, 0*z + z = r + w. What is the units digit of r?
4
Let r(y) = 5*y**2 - 5*y + 3. Let l(h) = 2*h**2 - 2*h + 1. Let u(b) = -11*l(b) + 4*r(b). Let j be u(-1). What is the units digit of 2/j*(6 + -18)?
8
Let j(a) = -3*a + 12. Suppose -4*t = -y - 4*y + 46, 3*t = -4*y + 43. Suppose 4*w + 70 - y = 0. What is the units digit of j(w)?
7
Suppose 5*s = 3*u - 35, -s - 19 = -4*u + 39. Suppose 3*j = -k - 2*k + u, 0 = -j + 2*k - 1. Suppose -58 = j*m - 247. What is the units digit of m?
3
Suppose 3*u = 3*n + 1971, -2*u = 4*n - 57 - 1281. What is the hundreds digit of u?
6
Let j = 214 - 56. What is the units digit of j?
8
Let r be (-1)/(1/(-131)) - -5. Let c = r + -116. What is the units digit of c?
0
Let x(i) = i**3 + 5*i**2 - i - 5. Let l be x(-4). Let o = l + -9. Suppose o*r + 24 = 8*r. What is the tens digit of r?
1
Let p(y) = -y**3 + 10*y**2 + 27*y - 21. What is the tens digit of p(6)?
8
Let i(b) be the second derivative of b**5/20 + 13*b**4/12 - 5*b**3/6 + 19*b**2/2 + 22*b. What is the units digit of i(-13)?
4
Let c(j) = -j**3 - 5*j**2 - 4*j - 3. Let p be c(-4). Suppose 64 = 3*m + 1. Let y = m - p. What is the units digit of y?
4
Let q = -29 + 34. Suppose 3*i = 5*b - 566, b = -q*i - 14 + 144. What is the units digit of b?
5
Let u(v) = -v**2. Let y(w) = 2*w - 10*w + 0*w**2 - 2*w**2 - 22 + 0. Let d(s) = u(s) - y(s). What is the units digit of d(-9)?
1
Let y(n) = n**3 + 5*n**2 - 7*n + 7. Let k be y(-8). Let b = k - -368. What is the hundreds digit of b?
2
Suppose -6*d + 19045 = 5*t - 5*d, 3809 = t + 3*d. What is the hundreds digit of t?
8
Let k(t) = -t - 5. Let b be k(0). What is the tens digit of ((-76)/b - 4)*5?
5
Suppose 3*t + 597 = 2397. Suppose -5*i + 2*x + t = 7*x, -3*i = 5*x - 370. What is the hundreds digit of i?
1
Suppose -3*p + 40 = -z + 132, 76 = -2*p - 3*z. Let q = p - -103. What is the units digit of q?
1
Suppose 0 = -24*s + 29*s - 20. Suppose -10 = s*l - 558. What is the tens digit of l?
3
Suppose 9*x - 1 = 2*n + 14*x, 2*x - 8 = -5*n. Let z be (-2)/((-4)/(